{"id":11,"date":"2015-11-25T11:58:31","date_gmt":"2015-11-25T09:58:31","guid":{"rendered":"http:\/\/hiphi.ubbcluj.ro\/fam\/morfologiapolitica\/?page_id=11"},"modified":"2015-11-25T12:29:24","modified_gmt":"2015-11-25T10:29:24","slug":"obiective","status":"publish","type":"page","link":"https:\/\/hiphi.ubbcluj.ro\/fam\/morfologiapolitica\/obiective\/","title":{"rendered":"Obiective"},"content":{"rendered":"<p style=\"text-align: justify;\">Proiectul de cercetare pe care \u00eel propun vizeaz\u0103 o analiz\u0103 filosofico-critic\u0103 \u015fi de istoria ideilor asupra constituirii morfologiei politice \u00een baza tradi\u0163iei filosofice care a creat mijloacele conceptuale de teoretizare a posibilit\u0103\u0163ilor de organizare a societ\u0103\u0163ii \u00een forme de guvernare. Tradi\u0163ia primelor teoretiz\u0103ri asupra formelor de guvernare posibile ia na\u015ftere \u00een filosofia greac\u0103 \u015fi este preluat\u0103 \u00een Evul Mediu cu modific\u0103ri specifice mediului ligvistic \u015fi problematic latin. Proiectul urm\u0103re\u015fte crearea unei sistematici a morfologiei politice din antichitate p\u00e2n\u0103 \u00een Evul Mediu la \u00eenceputul secolului al XV-lea (c\u00e2nd \u00eencepe perioada modern\u0103 timpurie a filosofiei politice, cu excep\u0163ia privitoare la D. Cantemir \u2013 conform obiectivului IV). Proiectul desf\u0103\u015foar\u0103 urm\u0103toarele obiective concrete:<\/p>\n<ol>\n<li style=\"text-align: justify;\">Primul obiectiv: o inventariere a surselor textuale \u00een care apar structuri ale morfologiei politice. Desigur, autorii care au abordat filosofia politic\u0103 \u00een antichitate \u015fi \u00een Evul Mediu nu sunt relevan\u0163i \u00een bloc. Proiectul propune o selec\u0163ie a operelor \u015fi a fragmentelor \u00een care apare efectiv o men\u0163ionare sau o definire a formelor de guvernare, iar apoi, unde este cazul, o configurare a unei morfologii politice proprii autorului \u00een cauz\u0103. Acest obiectiv se va folosi de monografiile deja existente ce abordeaz\u0103 fie c\u00e2te o form\u0103 politic\u0103 \u00een parte, fie opera politic\u0103 a unui autor \u00een parte, fie istorii comprehensive ale filosofiei politice \u00een anticitate \u015fi \u00een Evul Mediu. Obiectivul poate fi dus la \u00eendeplinire prin utilizarea resurselor de tip digital humanities: Thesaurus linguae graecae (TLG), Thesaurus linguae latinae (TLL), Perseus, etc. \u015fi prin documentare direct\u0103 din traducerile existente \u00een limbile moderne de circula\u0163ie. Din acest obiectiv vor rezulta cel pu\u0163in 5 articole de sintez\u0103, 1 lucrare (volum colectiv la o editur\u0103 de specialitate acreditat\u0103 din \u0163ar\u0103) despre istoria sistemelor morfologice. Acestea vor prezenta transversal, comparativ \u015fi sintetic configurarea conceptului de morfologie politic\u0103.<\/li>\n<li style=\"text-align: justify;\">Al doilea obiectiv: integrarea \u00eentr-un tablou comprehensiv (\u00een forma unui instrument digital sau a unui dic\u0163ionar) a ocuren\u0163elor (numelor formelor politice), defini\u0163iilor \u015fi a modific\u0103rilor lor pe urm\u0103torii vectori de clasificare: forma definit\u0103, autor, referin\u0163a la locul din oper\u0103 unde apare, situare istoric\u0103, prezen\u0163a sau absen\u0163a unui sistem dezvoltat de morfologie politic\u0103. \u00cen felul acesta vor deveni evidente schimb\u0103rile nominale, de defini\u0163ie, de criteriu de aranjare a formelor \u00eentr-un sistem \u015fi se vor ob\u0163ine sugestii pentru o posibil\u0103 hart\u0103 a transmiterii teoriei formelor de guvernare. Rezultat prefigurat: realizarea unui instrument digital\/dic\u0163ionar \u00een rom\u00e2n\u0103 \u015fi \u00een englez\u0103. Acesta va putea fi publicat sub coordonarea directorului de proiect pe site-ul Centrului de filozofie antic\u0103 \u015fi medieval\u0103 \u015fi va constitui \u015fi o publica\u0163ie tip dic\u0163ionar.<\/li>\n<li style=\"text-align: justify;\">Al treilea obiectiv: chestionarea fundament\u0103rii filosofice a formelor de guvernare \u015fi a fundamentarii lor ca sistem morfologic (unde este cazul). \u00cen antichitate se observ\u0103 o inclina\u0163ie \u00eenspre argumentarea celei mai bune forme, care se modific\u0103 de la monarhie la formula unui regim mixt (Aristotel, Plutarh, Polibiu, Cicero, Seneca) constituit fie dintr-o triahie, fie dintr-o diarhie. \u00cen Evul Mediu, sunt preponderente argument\u0103rile \u00een favoarea monarhiei, dar ele \u00ee\u015fi schimb\u0103 fundamentul filosofic. Rezultat prefigurat: un volum comprehensiv care s\u0103 prezinte istoria ideii de morfologie politic\u0103 ca rezultat general al proiectului. Cel pu\u0163in trei articole \u00een reviste BDI din \u0163ar\u0103 sau din str\u0103in\u0103tate.<\/li>\n<li style=\"text-align: justify;\">A patrulea obiectiv: proiectul \u00ee\u015fi propune o conectare la dezbaterea asupra morfologiei politice a lui Dimitrie Cantemir cu a sa Monarchiarum physica examinatio (Examinarea naturii monarhiilor, tradus\u0103 de \u015eulea Firu, revista Studii, V, nr.1, 1951, cu o versiune latin\u0103 \u00een Studii \u015fi cercet\u0103ri de bibliologie, Ed. Academiei Rom\u00e2ne, V, 1951). At\u00e2t edi\u0163ia latin\u0103, c\u00e2t \u015fi traducerea apar f\u0103r\u0103 aparat critic. Mai exist\u0103 o edi\u0163ie din 1983 a lui E. Lozovan (K\u00f8benhavns Universitet, Romansk Institut, 1983) \u00a0care ofer\u0103 \u015fi reproducerea manuscrisului. Aparatul critic \u015fi de istoria ideilor este \u015fi aici minimal. Lucrarea este important\u0103 mai ales prin faptul c\u0103 ofer\u0103 o prim\u0103 analiz\u0103 structural\u0103 a monarhiei ca form\u0103 politic\u0103. Ea ar fi astfel prima \u00eencercare de studiere sintetic\u0103 a morfologiei monarhiei. \u00a0Chiar dac\u0103 se dateaz\u0103 din sec. al XVIII-lea, consider c\u0103 ea este important\u0103 ca lucrare de sintez\u0103 \u015fi \u00eei propun ca obiectiv realizarea unui aparat critic complet, cu note, explica\u0163ii terminologice, punere \u00een contextul morfologiei politice printr-un studiu comprehensiv, \u015fi publicarea acestei opere \u00eentr-o formul\u0103 \u015ftiin\u0163ific complet\u0103 la o editur\u0103 de prestigiu din Rom\u00e2nia. Diseminarea interna\u0163ional\u0103 a con\u0163inutului ideatic al acestei lucr\u0103ri este un obiectiv ce poate da o dimensiune interna\u0163ional\u0103 acestui proiect.<\/li>\n<\/ol>\n","protected":false},"excerpt":{"rendered":"<p>Proiectul de cercetare pe care \u00eel propun vizeaz\u0103 o analiz\u0103 filosofico-critic\u0103 \u015fi de istoria ideilor asupra constituirii morfologiei politice \u00een baza tradi\u0163iei filosofice care a creat mijloacele conceptuale de teoretizare a posibilit\u0103\u0163ilor de organizare a societ\u0103\u0163ii \u00een forme de guvernare. Tradi\u0163ia primelor teoretiz\u0103ri asupra formelor de guvernare posibile ia na\u015ftere \u00een filosofia greac\u0103 \u015fi este &hellip; <a href=\"https:\/\/hiphi.ubbcluj.ro\/fam\/morfologiapolitica\/obiective\/\" class=\"more-link\">Continue reading <span class=\"screen-reader-text\">Obiective<\/span> <span class=\"meta-nav\">&rarr;<\/span><\/a><\/p>\n","protected":false},"author":1,"featured_media":0,"parent":0,"menu_order":3,"comment_status":"closed","ping_status":"closed","template":"","meta":[],"_links":{"self":[{"href":"https:\/\/hiphi.ubbcluj.ro\/fam\/morfologiapolitica\/wp-json\/wp\/v2\/pages\/11"}],"collection":[{"href":"https:\/\/hiphi.ubbcluj.ro\/fam\/morfologiapolitica\/wp-json\/wp\/v2\/pages"}],"about":[{"href":"https:\/\/hiphi.ubbcluj.ro\/fam\/morfologiapolitica\/wp-json\/wp\/v2\/types\/page"}],"author":[{"embeddable":true,"href":"https:\/\/hiphi.ubbcluj.ro\/fam\/morfologiapolitica\/wp-json\/wp\/v2\/users\/1"}],"replies":[{"embeddable":true,"href":"https:\/\/hiphi.ubbcluj.ro\/fam\/morfologiapolitica\/wp-json\/wp\/v2\/comments?post=11"}],"version-history":[{"count":7,"href":"https:\/\/hiphi.ubbcluj.ro\/fam\/morfologiapolitica\/wp-json\/wp\/v2\/pages\/11\/revisions"}],"predecessor-version":[{"id":30,"href":"https:\/\/hiphi.ubbcluj.ro\/fam\/morfologiapolitica\/wp-json\/wp\/v2\/pages\/11\/revisions\/30"}],"wp:attachment":[{"href":"https:\/\/hiphi.ubbcluj.ro\/fam\/morfologiapolitica\/wp-json\/wp\/v2\/media?parent=11"}],"curies":[{"name":"wp","href":"https:\/\/api.w.org\/{rel}","templated":true}]}}