{"id":187,"date":"2021-08-27T15:13:29","date_gmt":"2021-08-27T15:13:29","guid":{"rendered":"http:\/\/hiphi.ubbcluj.ro\/SD_ICC_nou\/?page_id=187"},"modified":"2024-04-19T07:41:42","modified_gmt":"2024-04-19T07:41:42","slug":"anul-2019-2020","status":"publish","type":"page","link":"https:\/\/hiphi.ubbcluj.ro\/SD_ICC\/evenimente\/anul-2019-2020\/","title":{"rendered":"Anul 2019-2020"},"content":{"rendered":"\n<div class=\"wp-block-media-text alignwide is-stacked-on-mobile\" style=\"grid-template-columns:40% auto\"><figure class=\"wp-block-media-text__media\"><img fetchpriority=\"high\" decoding=\"async\" width=\"725\" height=\"1024\" src=\"http:\/\/hiphi.ubbcluj.ro\/SD_ICC\/wp-content\/uploads\/2021\/09\/Atelier_doctoratul_azi_page-0001-725x1024.jpg\" alt=\"\" class=\"wp-image-288 size-full\" srcset=\"https:\/\/hiphi.ubbcluj.ro\/SD_ICC\/wp-content\/uploads\/2021\/09\/Atelier_doctoratul_azi_page-0001-725x1024.jpg 725w, https:\/\/hiphi.ubbcluj.ro\/SD_ICC\/wp-content\/uploads\/2021\/09\/Atelier_doctoratul_azi_page-0001-212x300.jpg 212w, https:\/\/hiphi.ubbcluj.ro\/SD_ICC\/wp-content\/uploads\/2021\/09\/Atelier_doctoratul_azi_page-0001-768x1085.jpg 768w, https:\/\/hiphi.ubbcluj.ro\/SD_ICC\/wp-content\/uploads\/2021\/09\/Atelier_doctoratul_azi_page-0001.jpg 1241w\" sizes=\"(max-width: 725px) 100vw, 725px\" \/><\/figure><div class=\"wp-block-media-text__content\">\n<p>Atelier<br><br><em><strong>Doctoratul &#8211; \u00eentre excelen\u0163\u0103 \u015fi birocratizare<\/strong><\/em><br><em><br><\/em>18 octombrie 2019<\/p>\n<\/div><\/div>\n\n\n\n<div class=\"wp-block-media-text alignwide is-stacked-on-mobile\" style=\"grid-template-columns:40% auto\"><figure class=\"wp-block-media-text__media\"><img decoding=\"async\" width=\"725\" height=\"1024\" src=\"http:\/\/hiphi.ubbcluj.ro\/SD_ICC\/wp-content\/uploads\/2021\/09\/Provocari-istoriografice_page-0001-725x1024.jpg\" alt=\"\" class=\"wp-image-289 size-full\" srcset=\"https:\/\/hiphi.ubbcluj.ro\/SD_ICC\/wp-content\/uploads\/2021\/09\/Provocari-istoriografice_page-0001-725x1024.jpg 725w, https:\/\/hiphi.ubbcluj.ro\/SD_ICC\/wp-content\/uploads\/2021\/09\/Provocari-istoriografice_page-0001-212x300.jpg 212w, https:\/\/hiphi.ubbcluj.ro\/SD_ICC\/wp-content\/uploads\/2021\/09\/Provocari-istoriografice_page-0001-768x1085.jpg 768w, https:\/\/hiphi.ubbcluj.ro\/SD_ICC\/wp-content\/uploads\/2021\/09\/Provocari-istoriografice_page-0001.jpg 1241w\" sizes=\"(max-width: 725px) 100vw, 725px\" \/><\/figure><div class=\"wp-block-media-text__content\">\n<p>Conferin\u0163a interna\u021bional\u0103 a doctoranzilor \u00een istorie<br>International Conference of the PhD students and Post-Doctoral Researchers in History<br><br><em><strong>Istorie local\u0103 &#8211; Istorie global\u0103. Provoc\u0103ri istoriografice contemporane<\/strong> \/ <strong>Local History &#8211; Global History. Contemporary historiographical challenges<\/strong><\/em><br><br>19-20 octombrie 2019<\/p>\n\n\n\n<p>Programul conferin\u021bei AICI<\/p>\n<\/div><\/div>\n\n\n\n<div class=\"wp-block-media-text alignwide is-stacked-on-mobile\" style=\"grid-template-columns:40% auto\"><figure class=\"wp-block-media-text__media\"><img decoding=\"async\" width=\"725\" height=\"1024\" src=\"http:\/\/hiphi.ubbcluj.ro\/SD_ICC\/wp-content\/uploads\/2021\/09\/Confe_Yoneyama_page-0001-725x1024.jpg\" alt=\"\" class=\"wp-image-291 size-full\" srcset=\"https:\/\/hiphi.ubbcluj.ro\/SD_ICC\/wp-content\/uploads\/2021\/09\/Confe_Yoneyama_page-0001-725x1024.jpg 725w, https:\/\/hiphi.ubbcluj.ro\/SD_ICC\/wp-content\/uploads\/2021\/09\/Confe_Yoneyama_page-0001-212x300.jpg 212w, https:\/\/hiphi.ubbcluj.ro\/SD_ICC\/wp-content\/uploads\/2021\/09\/Confe_Yoneyama_page-0001-768x1085.jpg 768w, https:\/\/hiphi.ubbcluj.ro\/SD_ICC\/wp-content\/uploads\/2021\/09\/Confe_Yoneyama_page-0001.jpg 1241w\" sizes=\"(max-width: 725px) 100vw, 725px\" \/><\/figure><div class=\"wp-block-media-text__content\">\n<p>Ex-Cathedra: Prelegerile \u015ecolii doctorale<br><br><strong><em>Prietenia dintre Andr\u00e1s Bodor \u015fi Masaoki Doi prin studiul despre r\u0103scoala lui Spartakus<\/em><\/strong><br><br>22 noiembrie 2019<\/p>\n<\/div><\/div>\n\n\n\n<div class=\"wp-block-media-text alignwide is-stacked-on-mobile\" style=\"grid-template-columns:40% auto\"><figure class=\"wp-block-media-text__media\"><img loading=\"lazy\" decoding=\"async\" width=\"725\" height=\"1024\" src=\"http:\/\/hiphi.ubbcluj.ro\/SD_ICC\/wp-content\/uploads\/2021\/09\/Atelier_Filmul-ca-document_page-0001-1-725x1024.jpg\" alt=\"\" class=\"wp-image-292 size-full\" srcset=\"https:\/\/hiphi.ubbcluj.ro\/SD_ICC\/wp-content\/uploads\/2021\/09\/Atelier_Filmul-ca-document_page-0001-1-725x1024.jpg 725w, https:\/\/hiphi.ubbcluj.ro\/SD_ICC\/wp-content\/uploads\/2021\/09\/Atelier_Filmul-ca-document_page-0001-1-212x300.jpg 212w, https:\/\/hiphi.ubbcluj.ro\/SD_ICC\/wp-content\/uploads\/2021\/09\/Atelier_Filmul-ca-document_page-0001-1-768x1085.jpg 768w, https:\/\/hiphi.ubbcluj.ro\/SD_ICC\/wp-content\/uploads\/2021\/09\/Atelier_Filmul-ca-document_page-0001-1.jpg 1241w\" sizes=\"(max-width: 725px) 100vw, 725px\" \/><\/figure><div class=\"wp-block-media-text__content\">\n<p>Atelier<br><br><strong><em>Filmul ca document istoric<\/em><\/strong><br><br><em>6 decembrie 2019<\/em><\/p>\n\n\n\n<p>Programul atelierului <a href=\"http:\/\/hiphi.ubbcluj.ro\/SD_ICC_vechi\/Imagini\/Atelier_Filmul_Program.pdf\">AICI<\/a><\/p>\n<\/div><\/div>\n\n\n\n<div class=\"wp-block-media-text alignwide is-stacked-on-mobile\" style=\"grid-template-columns:40% auto\"><figure class=\"wp-block-media-text__media\"><img loading=\"lazy\" decoding=\"async\" width=\"725\" height=\"1024\" src=\"http:\/\/hiphi.ubbcluj.ro\/SD_ICC\/wp-content\/uploads\/2021\/09\/Revolutiile-est-europene_page-0001-725x1024.jpg\" alt=\"\" class=\"wp-image-293 size-full\" srcset=\"https:\/\/hiphi.ubbcluj.ro\/SD_ICC\/wp-content\/uploads\/2021\/09\/Revolutiile-est-europene_page-0001-725x1024.jpg 725w, https:\/\/hiphi.ubbcluj.ro\/SD_ICC\/wp-content\/uploads\/2021\/09\/Revolutiile-est-europene_page-0001-212x300.jpg 212w, https:\/\/hiphi.ubbcluj.ro\/SD_ICC\/wp-content\/uploads\/2021\/09\/Revolutiile-est-europene_page-0001-768x1085.jpg 768w, https:\/\/hiphi.ubbcluj.ro\/SD_ICC\/wp-content\/uploads\/2021\/09\/Revolutiile-est-europene_page-0001.jpg 1241w\" sizes=\"(max-width: 725px) 100vw, 725px\" \/><\/figure><div class=\"wp-block-media-text__content\">\n<p>Ex Cathedra: Prelegerile \u015ecolii doctorale<br><br><strong><em>Trei decenii de la revolu\u0163iile est-europene: Context geopolitic \u015fi consecin\u0163e regionale<\/em><\/strong><br><br>16 ianuarie 2020<\/p>\n<\/div><\/div>\n\n\n\n<div class=\"wp-block-media-text alignwide is-stacked-on-mobile\" style=\"grid-template-columns:40% auto\"><figure class=\"wp-block-media-text__media\"><img loading=\"lazy\" decoding=\"async\" width=\"1241\" height=\"1755\" src=\"http:\/\/hiphi.ubbcluj.ro\/SD_ICC\/wp-content\/uploads\/2021\/09\/Obiecte-semiofore_page-0001-2.jpg\" alt=\"\" class=\"wp-image-279 size-full\" srcset=\"https:\/\/hiphi.ubbcluj.ro\/SD_ICC\/wp-content\/uploads\/2021\/09\/Obiecte-semiofore_page-0001-2.jpg 1241w, https:\/\/hiphi.ubbcluj.ro\/SD_ICC\/wp-content\/uploads\/2021\/09\/Obiecte-semiofore_page-0001-2-212x300.jpg 212w, https:\/\/hiphi.ubbcluj.ro\/SD_ICC\/wp-content\/uploads\/2021\/09\/Obiecte-semiofore_page-0001-2-768x1086.jpg 768w, https:\/\/hiphi.ubbcluj.ro\/SD_ICC\/wp-content\/uploads\/2021\/09\/Obiecte-semiofore_page-0001-2-724x1024.jpg 724w\" sizes=\"(max-width: 1241px) 100vw, 1241px\" \/><\/figure><div class=\"wp-block-media-text__content\">\n<p>Ex-Cathedra: Prelegerile \u015ecolii doctorale<br><br><em><strong>Obiecte semiofore. Lumi reconstruite cu ajutorul artefactelor<\/strong><\/em><br><br>27 februarie 2020<\/p>\n<\/div><\/div>\n\n\n\n<div class=\"wp-block-media-text alignwide is-stacked-on-mobile\" style=\"grid-template-columns:40% auto\"><figure class=\"wp-block-media-text__media\"><img loading=\"lazy\" decoding=\"async\" width=\"1241\" height=\"1754\" src=\"http:\/\/hiphi.ubbcluj.ro\/SD_ICC\/wp-content\/uploads\/2021\/09\/Afis_Martin_Elbel_page-0001-1.jpg\" alt=\"\" class=\"wp-image-280 size-full\" srcset=\"https:\/\/hiphi.ubbcluj.ro\/SD_ICC\/wp-content\/uploads\/2021\/09\/Afis_Martin_Elbel_page-0001-1.jpg 1241w, https:\/\/hiphi.ubbcluj.ro\/SD_ICC\/wp-content\/uploads\/2021\/09\/Afis_Martin_Elbel_page-0001-1-212x300.jpg 212w, https:\/\/hiphi.ubbcluj.ro\/SD_ICC\/wp-content\/uploads\/2021\/09\/Afis_Martin_Elbel_page-0001-1-768x1085.jpg 768w, https:\/\/hiphi.ubbcluj.ro\/SD_ICC\/wp-content\/uploads\/2021\/09\/Afis_Martin_Elbel_page-0001-1-725x1024.jpg 725w\" sizes=\"(max-width: 1241px) 100vw, 1241px\" \/><\/figure><div class=\"wp-block-media-text__content\">\n<p>Ex-Cathedra: Prelegerile \u015ecolii doctorale<br><br><strong><em>Mendicants. Early Modern Transformations of a Medieval Practice<\/em><\/strong><br><br>6 martie 2020<\/p>\n<\/div><\/div>\n\n\n\n<div class=\"wp-block-media-text alignwide is-stacked-on-mobile\" style=\"grid-template-columns:40% auto\"><figure class=\"wp-block-media-text__media\"><img loading=\"lazy\" decoding=\"async\" width=\"724\" height=\"1024\" src=\"http:\/\/hiphi.ubbcluj.ro\/SD_ICC\/wp-content\/uploads\/2021\/09\/Confe_Sc-doc-mag_page-0001-1-724x1024.jpg\" alt=\"\" class=\"wp-image-284 size-full\" srcset=\"https:\/\/hiphi.ubbcluj.ro\/SD_ICC\/wp-content\/uploads\/2021\/09\/Confe_Sc-doc-mag_page-0001-1-724x1024.jpg 724w, https:\/\/hiphi.ubbcluj.ro\/SD_ICC\/wp-content\/uploads\/2021\/09\/Confe_Sc-doc-mag_page-0001-1-212x300.jpg 212w, https:\/\/hiphi.ubbcluj.ro\/SD_ICC\/wp-content\/uploads\/2021\/09\/Confe_Sc-doc-mag_page-0001-1-768x1086.jpg 768w, https:\/\/hiphi.ubbcluj.ro\/SD_ICC\/wp-content\/uploads\/2021\/09\/Confe_Sc-doc-mag_page-0001-1.jpg 1241w\" sizes=\"(max-width: 724px) 100vw, 724px\" \/><\/figure><div class=\"wp-block-media-text__content\">\n<p>Conferin\u0163a doctoranzilor maghiari<br>VI. magyar doktorandusz konferencia<br><br><strong><em>A BBTE Magyar T\u00f6rt\u00e9neti Int\u00e9zet\u00e9nek \u00e9s KAB T\u00f6rt\u00e9nettudom\u00e1nyi Szakbizotts\u00e1g\u00e1nak szervez\u00e9s\u00e9ben<\/em><\/strong><br><br>7 martie 2020<\/p>\n\n\n\n<p>Programul conferin\u021bei (limba rom\u00e2n\u0103) AICI<br>Programul conferin\u021bei (limba maghiar\u0103) AICI<\/p>\n<\/div><\/div>\n","protected":false},"excerpt":{"rendered":"<p>Atelier Doctoratul &#8211; \u00eentre excelen\u0163\u0103 \u015fi birocratizare18 octombrie 2019 Conferin\u0163a interna\u021bional\u0103 a doctoranzilor \u00een istorieInternational Conference of the PhD students and Post-Doctoral Researchers in History Istorie local\u0103 &#8211; Istorie global\u0103. Provoc\u0103ri istoriografice contemporane \/ Local History &#8211; Global History. Contemporary historiographical challenges 19-20 octombrie 2019 Programul conferin\u021bei AICI Ex-Cathedra: Prelegerile \u015ecolii doctorale Prietenia dintre Andr\u00e1s &hellip; <\/p>\n<p class=\"link-more\"><a href=\"https:\/\/hiphi.ubbcluj.ro\/SD_ICC\/evenimente\/anul-2019-2020\/\" class=\"more-link\">Cite\u0219te mai multe<span class=\"screen-reader-text\">\u201eAnul 2019-2020\u201d<\/span><\/a><\/p>\n","protected":false},"author":1,"featured_media":0,"parent":22,"menu_order":4,"comment_status":"closed","ping_status":"closed","template":"","meta":{"_inspiro_hide_title":false,"footnotes":""},"class_list":["post-187","page","type-page","status-publish","hentry"],"_links":{"self":[{"href":"https:\/\/hiphi.ubbcluj.ro\/SD_ICC\/wp-json\/wp\/v2\/pages\/187","targetHints":{"allow":["GET"]}}],"collection":[{"href":"https:\/\/hiphi.ubbcluj.ro\/SD_ICC\/wp-json\/wp\/v2\/pages"}],"about":[{"href":"https:\/\/hiphi.ubbcluj.ro\/SD_ICC\/wp-json\/wp\/v2\/types\/page"}],"author":[{"embeddable":true,"href":"https:\/\/hiphi.ubbcluj.ro\/SD_ICC\/wp-json\/wp\/v2\/users\/1"}],"replies":[{"embeddable":true,"href":"https:\/\/hiphi.ubbcluj.ro\/SD_ICC\/wp-json\/wp\/v2\/comments?post=187"}],"version-history":[{"count":21,"href":"https:\/\/hiphi.ubbcluj.ro\/SD_ICC\/wp-json\/wp\/v2\/pages\/187\/revisions"}],"predecessor-version":[{"id":2027,"href":"https:\/\/hiphi.ubbcluj.ro\/SD_ICC\/wp-json\/wp\/v2\/pages\/187\/revisions\/2027"}],"up":[{"embeddable":true,"href":"https:\/\/hiphi.ubbcluj.ro\/SD_ICC\/wp-json\/wp\/v2\/pages\/22"}],"wp:attachment":[{"href":"https:\/\/hiphi.ubbcluj.ro\/SD_ICC\/wp-json\/wp\/v2\/media?parent=187"}],"curies":[{"name":"wp","href":"https:\/\/api.w.org\/{rel}","templated":true}]}}

<div class="wp-block-media-text alignwide is-stacked-on-mobile" style="grid-template-columns:40% auto"><figure class="wp-block-media-text__media"><img fetchpriority="high" decoding="async" width="725" height="1024" src="http://hiphi.ubbcluj.ro/SD_ICC/wp-content/uploads/2021/09/Atelier_doctoratul_azi_page-0001-725x1024.jpg" alt="" class="wp-image-288 size-full" srcset="https://hiphi.ubbcluj.ro/SD_ICC/wp-content/uploads/2021/09/Atelier_doctoratul_azi_page-0001-725x1024.jpg 725w, https://hiphi.ubbcluj.ro/SD_ICC/wp-content/uploads/2021/09/Atelier_doctoratul_azi_page-0001-212x300.jpg 212w, https://hiphi.ubbcluj.ro/SD_ICC/wp-content/uploads/2021/09/Atelier_doctoratul_azi_page-0001-768x1085.jpg 768w, https://hiphi.ubbcluj.ro/SD_ICC/wp-content/uploads/2021/09/Atelier_doctoratul_azi_page-0001.jpg 1241w" sizes="(max-width: 725px) 100vw, 725px" /></figure><div class="wp-block-media-text__content">
<p>Atelier<br><br><em><strong>Doctoratul &#8211; între excelenţă şi birocratizare</strong></em><br><em><br></em>18 octombrie 2019</p>
</div></div>



<div class="wp-block-media-text alignwide is-stacked-on-mobile" style="grid-template-columns:40% auto"><figure class="wp-block-media-text__media"><img decoding="async" width="725" height="1024" src="http://hiphi.ubbcluj.ro/SD_ICC/wp-content/uploads/2021/09/Provocari-istoriografice_page-0001-725x1024.jpg" alt="" class="wp-image-289 size-full" srcset="https://hiphi.ubbcluj.ro/SD_ICC/wp-content/uploads/2021/09/Provocari-istoriografice_page-0001-725x1024.jpg 725w, https://hiphi.ubbcluj.ro/SD_ICC/wp-content/uploads/2021/09/Provocari-istoriografice_page-0001-212x300.jpg 212w, https://hiphi.ubbcluj.ro/SD_ICC/wp-content/uploads/2021/09/Provocari-istoriografice_page-0001-768x1085.jpg 768w, https://hiphi.ubbcluj.ro/SD_ICC/wp-content/uploads/2021/09/Provocari-istoriografice_page-0001.jpg 1241w" sizes="(max-width: 725px) 100vw, 725px" /></figure><div class="wp-block-media-text__content">
<p>Conferinţa internațională a doctoranzilor în istorie<br>International Conference of the PhD students and Post-Doctoral Researchers in History<br><br><em><strong>Istorie locală &#8211; Istorie globală. Provocări istoriografice contemporane</strong> / <strong>Local History &#8211; Global History. Contemporary historiographical challenges</strong></em><br><br>19-20 octombrie 2019</p>



<p>Programul conferinței AICI</p>
</div></div>



<div class="wp-block-media-text alignwide is-stacked-on-mobile" style="grid-template-columns:40% auto"><figure class="wp-block-media-text__media"><img decoding="async" width="725" height="1024" src="http://hiphi.ubbcluj.ro/SD_ICC/wp-content/uploads/2021/09/Confe_Yoneyama_page-0001-725x1024.jpg" alt="" class="wp-image-291 size-full" srcset="https://hiphi.ubbcluj.ro/SD_ICC/wp-content/uploads/2021/09/Confe_Yoneyama_page-0001-725x1024.jpg 725w, https://hiphi.ubbcluj.ro/SD_ICC/wp-content/uploads/2021/09/Confe_Yoneyama_page-0001-212x300.jpg 212w, https://hiphi.ubbcluj.ro/SD_ICC/wp-content/uploads/2021/09/Confe_Yoneyama_page-0001-768x1085.jpg 768w, https://hiphi.ubbcluj.ro/SD_ICC/wp-content/uploads/2021/09/Confe_Yoneyama_page-0001.jpg 1241w" sizes="(max-width: 725px) 100vw, 725px" /></figure><div class="wp-block-media-text__content">
<p>Ex-Cathedra: Prelegerile Şcolii doctorale<br><br><strong><em>Prietenia dintre András Bodor şi Masaoki Doi prin studiul despre răscoala lui Spartakus</em></strong><br><br>22 noiembrie 2019</p>
</div></div>



<div class="wp-block-media-text alignwide is-stacked-on-mobile" style="grid-template-columns:40% auto"><figure class="wp-block-media-text__media"><img loading="lazy" decoding="async" width="725" height="1024" src="http://hiphi.ubbcluj.ro/SD_ICC/wp-content/uploads/2021/09/Atelier_Filmul-ca-document_page-0001-1-725x1024.jpg" alt="" class="wp-image-292 size-full" srcset="https://hiphi.ubbcluj.ro/SD_ICC/wp-content/uploads/2021/09/Atelier_Filmul-ca-document_page-0001-1-725x1024.jpg 725w, https://hiphi.ubbcluj.ro/SD_ICC/wp-content/uploads/2021/09/Atelier_Filmul-ca-document_page-0001-1-212x300.jpg 212w, https://hiphi.ubbcluj.ro/SD_ICC/wp-content/uploads/2021/09/Atelier_Filmul-ca-document_page-0001-1-768x1085.jpg 768w, https://hiphi.ubbcluj.ro/SD_ICC/wp-content/uploads/2021/09/Atelier_Filmul-ca-document_page-0001-1.jpg 1241w" sizes="(max-width: 725px) 100vw, 725px" /></figure><div class="wp-block-media-text__content">
<p>Atelier<br><br><strong><em>Filmul ca document istoric</em></strong><br><br><em>6 decembrie 2019</em></p>



<p>Programul atelierului <a href="http://hiphi.ubbcluj.ro/SD_ICC_vechi/Imagini/Atelier_Filmul_Program.pdf">AICI</a></p>
</div></div>



<div class="wp-block-media-text alignwide is-stacked-on-mobile" style="grid-template-columns:40% auto"><figure class="wp-block-media-text__media"><img loading="lazy" decoding="async" width="725" height="1024" src="http://hiphi.ubbcluj.ro/SD_ICC/wp-content/uploads/2021/09/Revolutiile-est-europene_page-0001-725x1024.jpg" alt="" class="wp-image-293 size-full" srcset="https://hiphi.ubbcluj.ro/SD_ICC/wp-content/uploads/2021/09/Revolutiile-est-europene_page-0001-725x1024.jpg 725w, https://hiphi.ubbcluj.ro/SD_ICC/wp-content/uploads/2021/09/Revolutiile-est-europene_page-0001-212x300.jpg 212w, https://hiphi.ubbcluj.ro/SD_ICC/wp-content/uploads/2021/09/Revolutiile-est-europene_page-0001-768x1085.jpg 768w, https://hiphi.ubbcluj.ro/SD_ICC/wp-content/uploads/2021/09/Revolutiile-est-europene_page-0001.jpg 1241w" sizes="(max-width: 725px) 100vw, 725px" /></figure><div class="wp-block-media-text__content">
<p>Ex Cathedra: Prelegerile Şcolii doctorale<br><br><strong><em>Trei decenii de la revoluţiile est-europene: Context geopolitic şi consecinţe regionale</em></strong><br><br>16 ianuarie 2020</p>
</div></div>



<div class="wp-block-media-text alignwide is-stacked-on-mobile" style="grid-template-columns:40% auto"><figure class="wp-block-media-text__media"><img loading="lazy" decoding="async" width="1241" height="1755" src="http://hiphi.ubbcluj.ro/SD_ICC/wp-content/uploads/2021/09/Obiecte-semiofore_page-0001-2.jpg" alt="" class="wp-image-279 size-full" srcset="https://hiphi.ubbcluj.ro/SD_ICC/wp-content/uploads/2021/09/Obiecte-semiofore_page-0001-2.jpg 1241w, https://hiphi.ubbcluj.ro/SD_ICC/wp-content/uploads/2021/09/Obiecte-semiofore_page-0001-2-212x300.jpg 212w, https://hiphi.ubbcluj.ro/SD_ICC/wp-content/uploads/2021/09/Obiecte-semiofore_page-0001-2-768x1086.jpg 768w, https://hiphi.ubbcluj.ro/SD_ICC/wp-content/uploads/2021/09/Obiecte-semiofore_page-0001-2-724x1024.jpg 724w" sizes="(max-width: 1241px) 100vw, 1241px" /></figure><div class="wp-block-media-text__content">
<p>Ex-Cathedra: Prelegerile Şcolii doctorale<br><br><em><strong>Obiecte semiofore. Lumi reconstruite cu ajutorul artefactelor</strong></em><br><br>27 februarie 2020</p>
</div></div>



<div class="wp-block-media-text alignwide is-stacked-on-mobile" style="grid-template-columns:40% auto"><figure class="wp-block-media-text__media"><img loading="lazy" decoding="async" width="1241" height="1754" src="http://hiphi.ubbcluj.ro/SD_ICC/wp-content/uploads/2021/09/Afis_Martin_Elbel_page-0001-1.jpg" alt="" class="wp-image-280 size-full" srcset="https://hiphi.ubbcluj.ro/SD_ICC/wp-content/uploads/2021/09/Afis_Martin_Elbel_page-0001-1.jpg 1241w, https://hiphi.ubbcluj.ro/SD_ICC/wp-content/uploads/2021/09/Afis_Martin_Elbel_page-0001-1-212x300.jpg 212w, https://hiphi.ubbcluj.ro/SD_ICC/wp-content/uploads/2021/09/Afis_Martin_Elbel_page-0001-1-768x1085.jpg 768w, https://hiphi.ubbcluj.ro/SD_ICC/wp-content/uploads/2021/09/Afis_Martin_Elbel_page-0001-1-725x1024.jpg 725w" sizes="(max-width: 1241px) 100vw, 1241px" /></figure><div class="wp-block-media-text__content">
<p>Ex-Cathedra: Prelegerile Şcolii doctorale<br><br><strong><em>Mendicants. Early Modern Transformations of a Medieval Practice</em></strong><br><br>6 martie 2020</p>
</div></div>



<div class="wp-block-media-text alignwide is-stacked-on-mobile" style="grid-template-columns:40% auto"><figure class="wp-block-media-text__media"><img loading="lazy" decoding="async" width="724" height="1024" src="http://hiphi.ubbcluj.ro/SD_ICC/wp-content/uploads/2021/09/Confe_Sc-doc-mag_page-0001-1-724x1024.jpg" alt="" class="wp-image-284 size-full" srcset="https://hiphi.ubbcluj.ro/SD_ICC/wp-content/uploads/2021/09/Confe_Sc-doc-mag_page-0001-1-724x1024.jpg 724w, https://hiphi.ubbcluj.ro/SD_ICC/wp-content/uploads/2021/09/Confe_Sc-doc-mag_page-0001-1-212x300.jpg 212w, https://hiphi.ubbcluj.ro/SD_ICC/wp-content/uploads/2021/09/Confe_Sc-doc-mag_page-0001-1-768x1086.jpg 768w, https://hiphi.ubbcluj.ro/SD_ICC/wp-content/uploads/2021/09/Confe_Sc-doc-mag_page-0001-1.jpg 1241w" sizes="(max-width: 724px) 100vw, 724px" /></figure><div class="wp-block-media-text__content">
<p>Conferinţa doctoranzilor maghiari<br>VI. magyar doktorandusz konferencia<br><br><strong><em>A BBTE Magyar Történeti Intézetének és KAB Történettudományi Szakbizottságának szervezésében</em></strong><br><br>7 martie 2020</p>



<p>Programul conferinței (limba română) AICI<br>Programul conferinței (limba maghiară) AICI</p>
</div></div>

<p>Atelier Doctoratul &#8211; între excelenţă şi birocratizare18 octombrie 2019 Conferinţa internațională a doctoranzilor în istorieInternational Conference of the PhD students and Post-Doctoral Researchers in History Istorie locală &#8211; Istorie globală. Provocări istoriografice contemporane / Local History &#8211; Global History. Contemporary historiographical challenges 19-20 octombrie 2019 Programul conferinței AICI Ex-Cathedra: Prelegerile Şcolii doctorale Prietenia dintre András &hellip; </p>
<p class="link-more"><a href="https://hiphi.ubbcluj.ro/SD_ICC/evenimente/anul-2019-2020/" class="more-link">Citește mai multe<span class="screen-reader-text">„Anul 2019-2020”</span></a></p>
